{"id":793,"date":"2022-10-16T20:06:44","date_gmt":"2022-10-16T18:06:44","guid":{"rendered":"https:\/\/tortenelem.fazekas.hu\/?page_id=793"},"modified":"2026-01-14T19:21:58","modified_gmt":"2026-01-14T17:21:58","slug":"erettsegi-tablok","status":"publish","type":"page","link":"https:\/\/tortenelem.fazekas.hu\/?page_id=793","title":{"rendered":"\u00c9retts\u00e9gi tabl\u00f3k"},"content":{"rendered":"<p><img loading=\"lazy\" decoding=\"async\" class=\"aligncenter\" src=\"\/tablok\/tablok_ABCD.jpg\" alt=\"\" width=\"627\" height=\"121\" align=\"middle\"><\/p>\n<p><i>K\u00e9rj\u00fck, ha rendelkez\u00e9s\u00e9re \u00e1ll valamelyik hi\u00e1nyz\u00f3 tabl\u00f3, vagy rossz felbont\u00e1s\u00fa jobb min\u0151s\u00e9gben, k\u00fcldje el a keglevich[kukac]fazekas.hu c\u00edmre!<\/i><\/p>\n<p><a href=\"tablok\/2025A.jpg\"><span style=\"color: blue;\">2025A<\/span><\/a> &nbsp; &nbsp;&nbsp; <a href=\"tablok\/2025B.jpg\"><span style=\"color: blue;\">2025B<\/span><\/a> &nbsp; &nbsp;&nbsp; <a href=\"tablok\/2025C.jpg\"><span style=\"color: blue;\">2025C<\/span><\/a> &nbsp; &nbsp; <a href=\"tablok\/2025D.jpg\"><span style=\"color: blue;\">2025D<\/span><\/a><br \/>\n<a href=\"tablok\/2024A.jpg\"><span style=\"color: blue;\">2024A<\/span><\/a> &nbsp; &nbsp;&nbsp; <a href=\"tablok\/2024B.jpg\"><span style=\"color: blue;\">2024B<\/span><\/a> &nbsp; &nbsp;&nbsp; <a href=\"tablok\/2024C.jpg\"><span style=\"color: blue;\">2024C<\/span><\/a> &nbsp; &nbsp; <a href=\"tablok\/2024D.jpg\"><span style=\"color: blue;\">2024D<\/span><\/a><br \/>\n<a href=\"tablok\/2023A.jpg\"><span style=\"color: blue;\">2023A<\/span><\/a> &nbsp; &nbsp;&nbsp; <a href=\"tablok\/2023B.jpg\"><span style=\"color: blue;\">2023B<\/span><\/a> &nbsp; &nbsp;&nbsp; <a href=\"tablok\/2023C.jpg\"><span style=\"color: blue;\">2023C<\/span><\/a> &nbsp; &nbsp; <a href=\"tablok\/2023D.jpg\"><span style=\"color: blue;\">2023D<\/span><\/a><br \/>\n<a href=\"tablok\/2022A.jpg\"><span style=\"color: blue;\">2022A<\/span><\/a> &nbsp; &nbsp;&nbsp; <a href=\"tablok\/2022B.jpg\"><span style=\"color: blue;\">2022B<\/span><\/a> &nbsp;&nbsp; &nbsp;<a href=\"tablok\/2022C.jpg\"><span style=\"color: blue;\">2022C<\/span><\/a> &nbsp; &nbsp; <a href=\"tablok\/2022D.jpg\"><span style=\"color: blue;\">2022D<\/span><\/a><br \/>\n<a href=\"tablok\/2021A.jpg\"><span style=\"color: blue;\">2021A<\/span><\/a> &nbsp;&nbsp; &nbsp;<a href=\"tablok\/2021B.jpg\"><span style=\"color: blue;\">2021B<\/span><\/a> &nbsp;&nbsp; &nbsp;<a href=\"tablok\/2021C.jpg\"><span style=\"color: blue;\">2021C<\/span><\/a> &nbsp; &nbsp; <a href=\"tablok\/2021D.jpg\"><span style=\"color: blue;\">2021D<\/span><\/a><\/p>\n<hr>\n<p><a href=\"tablok\/2020A.jpeg\"><span style=\"color: blue;\">2020A<\/span><\/a> &nbsp; &nbsp; <a href=\"tablok\/2020B.jpg\"><span style=\"color: blue;\">2020B<\/span><\/a> &nbsp;&nbsp; &nbsp;<a href=\"tablok\/2020C.jpg\"><span style=\"color: blue;\">2020C<\/span><\/a> &nbsp;&nbsp; &nbsp;<a href=\"tablok\/2020D.jpg\"><span style=\"color: blue;\">2020D<\/span><\/a><br \/>\n<a href=\"tablok\/2019A.jpg\"><span style=\"color: blue;\">2019A<\/span><\/a> &nbsp;&nbsp; &nbsp;<a href=\"tablok\/2019B.jpeg\"><span style=\"color: blue;\">2019B<\/span><\/a> &nbsp;&nbsp; &nbsp;<a href=\"tablok\/2019C.jpeg\"><span style=\"color: blue;\">2019C<\/span><\/a> &nbsp; &nbsp; <a href=\"tablok\/2019D.jpg\"><span style=\"color: blue;\">2019D<\/span><\/a><br \/>\n<a href=\"tablok\/2018A.jpg\"><span style=\"color: blue;\">2018A<\/span><\/a> &nbsp; &nbsp; <a href=\"tablok\/2018B.jpg\"><span style=\"color: blue;\">2018B<\/span><\/a> &nbsp;&nbsp; &nbsp;<a href=\"tablok\/2018C.png\"><span style=\"color: blue;\">2018C<\/span><\/a> &nbsp; &nbsp; <a href=\"tablok\/2018D.jpg\"><span style=\"color: blue;\">2018D<\/span><\/a><br \/>\n<a href=\"tablok\/2017A.jpg\"><span style=\"color: blue;\">2017A<\/span><\/a> &nbsp; &nbsp; <a href=\"tablok\/2017B.jpg\"><span style=\"color: blue;\">2017B<\/span><\/a> &nbsp;&nbsp; &nbsp;<a href=\"tablok\/2017C.jpg\"><span style=\"color: blue;\">2017C<\/span><\/a> &nbsp;&nbsp; &nbsp;<a href=\"tablok\/2017D.jpg\"><span style=\"color: blue;\">2017D<\/span><\/a><br \/>\n<a href=\"tablok\/2016A.jpg\"><span style=\"color: blue;\">2016A<\/span><\/a> &nbsp; &nbsp; <a href=\"tablok\/2016B.jpg\"><span style=\"color: blue;\">2016B<\/span><\/a> &nbsp;&nbsp; &nbsp;<a href=\"tablok\/2016C.jpg\"><span style=\"color: blue;\">2016C<\/span><\/a> &nbsp;&nbsp; &nbsp;<a href=\"tablok\/2016D.jpeg\"><span style=\"color: blue;\">2016D<\/span><\/a><\/p>\n<hr>\n<p><a href=\"tablok\/2015A.jpg\"><span style=\"color: blue;\">2015A<\/span><\/a> &nbsp;&nbsp; &nbsp;<a href=\"tablok\/2015B.jpg\"><span style=\"color: blue;\">2015B<\/span><\/a> &nbsp; &nbsp; <a href=\"tablok\/2015C.jpg\"><span style=\"color: blue;\">2015C<\/span><\/a> &nbsp; &nbsp; <a href=\"tablok\/2015D.jpg\"><span style=\"color: blue;\">2015D<\/span><\/a><br \/>\n<a href=\"tablok\/2014A.jpg\"><span style=\"color: blue;\">2014A<\/span><\/a> &nbsp; &nbsp; &nbsp;<a href=\"tablok\/2014B.jpg\"><span style=\"color: blue;\">2014B<\/span><\/a> &nbsp; &nbsp; <a href=\"tablok\/2014C.jpg\"><span style=\"color: blue;\">2014C<\/span><\/a> &nbsp; &nbsp; <a href=\"tablok\/2014D.jpg\"><span style=\"color: blue;\">2014D<\/span><\/a><br \/>\n<a href=\"tablok\/2013A.jpg\"><span style=\"color: blue;\">2013A<\/span><\/a> &nbsp;&nbsp; &nbsp;<a href=\"tablok\/2013B.jpg\"><span style=\"color: blue;\">2013B<\/span><\/a> &nbsp; &nbsp; <a href=\"tablok\/2013C.jpg\"><span style=\"color: blue;\">2013C<\/span><\/a> &nbsp; &nbsp; <a href=\"tablok\/2013D.jpg\"><span style=\"color: blue;\">2013D<\/span><\/a><br \/>\n<a href=\"tablok\/2012A.jpeg\"><span style=\"color: blue;\">2012A<\/span><\/a> &nbsp;&nbsp; &nbsp;<a href=\"tablok\/2012B.jpg\"><span style=\"color: blue;\">2012B<\/span><\/a> &nbsp; &nbsp; <a href=\"tablok\/2012C.jpg\"><span style=\"color: blue;\">2012C<\/span><\/a> &nbsp; &nbsp; <a href=\"tablok\/2012D.jpg\"><span style=\"color: blue;\">2012D<\/span><\/a><br \/>\n<a href=\"tablok\/2011A.jpg\"><span style=\"color: blue;\">2011A<\/span><\/a> &nbsp;&nbsp; &nbsp;<a href=\"tablok\/2011B.jpg\"><span style=\"color: blue;\">2011B<\/span><\/a> &nbsp; &nbsp; <a href=\"tablok\/2011C.jpg\"><span style=\"color: blue;\">2011C<\/span><\/a> &nbsp; &nbsp; <a href=\"tablok\/2011D.jpg\"><span style=\"color: blue;\">2011D<\/span><\/a><\/p>\n<hr>\n<p><a href=\"tablok\/2010A.jpg\"><span style=\"color: blue;\">2010A<\/span><\/a> &nbsp;&nbsp; &nbsp;<a href=\"tablok\/2010B.jpg\"><span style=\"color: blue;\">2010B<\/span><\/a>&nbsp;&nbsp; &nbsp;<a href=\"tablok\/2010D.jpg\"><span style=\"color: blue;\">2010D<\/span><\/a><br \/>\n<a href=\"tablok\/2009A.jpg\"><span style=\"color: blue;\">2009A<\/span><\/a> &nbsp; &nbsp;&nbsp;<a href=\"tablok\/2009B.jpg\"><span style=\"color: blue;\">2009B<\/span><\/a> &nbsp;&nbsp; &nbsp;<a href=\"tablok\/2009C.jpg\"><span style=\"color: blue;\">2009C<\/span><\/a>&nbsp;&nbsp; &nbsp;<a href=\"tablok\/2009D.jpg\"><span style=\"color: blue;\">2009D<\/span><\/a><br \/>\n<a href=\"tablok\/2008A.jpg\"><span style=\"color: blue;\">2008A<\/span><\/a> &nbsp;&nbsp; &nbsp;<a href=\"tablok\/2008B.jpg\"><span style=\"color: blue;\">2008B<\/span><\/a> &nbsp; &nbsp; <a href=\"tablok\/2008C.png\"><span style=\"color: blue;\">2008C<\/span><\/a><br \/>\n<a href=\"tablok\/2007A.jpg\"><span style=\"color: blue;\">2007A<\/span><\/a> &nbsp;&nbsp; &nbsp;<a href=\"tablok\/2007B.jpg\"><span style=\"color: blue;\">2007B<\/span><\/a> &nbsp; &nbsp; <a href=\"tablok\/2007C.jpg\"><span style=\"color: blue;\">2007C<\/span><\/a><br \/>\n<a href=\"tablok\/2006A.jpg\"><span style=\"color: blue;\">2006A<\/span><\/a> &nbsp; &nbsp;&nbsp;<a href=\"tablok\/2006B.jpg\"><span style=\"color: blue;\">2006B<\/span><\/a> &nbsp;&nbsp; &nbsp;<a href=\"tablok\/2006C.jpg\"><span style=\"color: blue;\">2006C<\/span><\/a> &nbsp;&nbsp; &nbsp;<a href=\"tablok\/2006D.jpg\"><span style=\"color: blue;\">2006D<\/span><\/a><\/p>\n<hr>\n<p><a href=\"tablok\/2005A.jpg\"><span style=\"color: blue;\">2005A<\/span><\/a> &nbsp; &nbsp;&nbsp;<a href=\"tablok\/2005B.jpg\"><span style=\"color: blue;\">2005B<\/span><\/a> &nbsp;&nbsp; &nbsp;<a href=\"tablok\/2005C.jpg\"><span style=\"color: blue;\">2005C<\/span><\/a> &nbsp;&nbsp; &nbsp;<a href=\"tablok\/2005D.jpg\"><span style=\"color: blue;\">2005D<\/span><\/a><br \/>\n<a href=\"tablok\/2004A.jpg\"><span style=\"color: blue;\">2004A<\/span><\/a> &nbsp; &nbsp;&nbsp;<a href=\"tablok\/2004B.jpg\"><span style=\"color: blue;\">2004B<\/span><\/a> &nbsp;&nbsp; &nbsp;<a href=\"tablok\/2004C.jpg\"><span style=\"color: blue;\">2004C<\/span><\/a> &nbsp;&nbsp; &nbsp;<a href=\"tablok\/2004D.jpg\"><span style=\"color: blue;\">2004D<\/span><\/a><br \/>\n<a href=\"tablok\/2003A.jpg\"><span style=\"color: blue;\">2003A<\/span><\/a> &nbsp; &nbsp;&nbsp;<a href=\"tablok\/2003B.jpg\"><span style=\"color: blue;\">2003B<\/span><\/a> &nbsp;&nbsp; &nbsp;<a href=\"tablok\/2003C.jpg\"><span style=\"color: blue;\">2003C<\/span><\/a> &nbsp;&nbsp; &nbsp;<a href=\"tablok\/2003D.jpg\"><span style=\"color: blue;\">2003D<\/span><\/a><br \/>\n<a href=\"tablok\/2002A.jpg\"><span style=\"color: blue;\">2002A<\/span><\/a> &nbsp; &nbsp;&nbsp;<a href=\"tablok\/2002B.jpg\"><span style=\"color: blue;\">2002B<\/span><\/a> &nbsp;&nbsp; &nbsp;<a href=\"tablok\/2002C.jpg\"><span style=\"color: blue;\">2002C<\/span><\/a> &nbsp;&nbsp; &nbsp;<a href=\"tablok\/2002D.jpg\"><span style=\"color: blue;\">2002D<\/span><\/a><br \/>\n<a href=\"tablok\/2001A.jpg\"><span style=\"color: blue;\">2001A<\/span><\/a> &nbsp; &nbsp;&nbsp;<a href=\"tablok\/2001B.jpeg\"><span style=\"color: blue;\">2001B<\/span><\/a> &nbsp;&nbsp; &nbsp;<a href=\"tablok\/2001C.jpg\"><span style=\"color: blue;\">2001C<\/span><\/a> &nbsp;&nbsp; &nbsp;<a href=\"tablok\/2001D.jpg\"><span style=\"color: blue;\">2001D<\/span><\/a><\/p>\n<hr>\n<p><a href=\"tablok\/2000A.jpg\"><span style=\"color: blue;\">2000A<\/span><\/a> &nbsp; &nbsp;&nbsp;<a href=\"tablok\/2000B.jpg\"><span style=\"color: blue;\">2000B<\/span><\/a> &nbsp;&nbsp; &nbsp;<a href=\"tablok\/2000C.jpg\"><span style=\"color: blue;\">2000C<\/span><\/a> &nbsp;&nbsp; &nbsp;<a href=\"tablok\/2000D.jpg\"><span style=\"color: blue;\">2000D<\/span><\/a><br \/>\n<a href=\"tablok\/1999A.jpg\"><span style=\"color: blue;\">1999A<\/span><\/a> &nbsp;&nbsp; &nbsp;<a href=\"tablok\/1999B.jpg\"><span style=\"color: blue;\">1999B<\/span><\/a> &nbsp; &nbsp; <a href=\"tablok\/1999C.jpg\"><span style=\"color: blue;\">1999C<\/span><\/a><br \/>\n<a href=\"tablok\/1998A.jpg\"><span style=\"color: blue;\">1998A<\/span><\/a> &nbsp; &nbsp; <a href=\"tablok\/1998B.jpg\"><span style=\"color: blue;\">1998B<\/span><\/a> &nbsp; &nbsp; <a href=\"tablok\/1998C.jpg\"><span style=\"color: blue;\">1998C<\/span><\/a><br \/>\n<a href=\"tablok\/1997A.jpg\"><span style=\"color: blue;\">1997A<\/span><\/a> &nbsp;&nbsp; &nbsp;<a href=\"tablok\/1997B.jpg\"><span style=\"color: blue;\">1997B<\/span><\/a> &nbsp; &nbsp; <a href=\"tablok\/1997C.jpg\"><span style=\"color: blue;\">1997C<\/span><\/a><br \/>\n<a href=\"tablok\/1996A.jpg\"><span style=\"color: blue;\">1996A<\/span><\/a> &nbsp;&nbsp; &nbsp;<a href=\"tablok\/1996B.jpg\"><span style=\"color: blue;\">1996B<\/span><\/a> &nbsp; &nbsp; <a href=\"tablok\/1996C.jpg\"><span style=\"color: blue;\">1996C<\/span><\/a><\/p>\n<hr>\n<p><a href=\"tablok\/1995A.jpg\"><span style=\"color: blue;\">1995A<\/span><\/a> &nbsp;&nbsp; &nbsp;<a href=\"tablok\/1995B.jpg\"><span style=\"color: blue;\">1995B<\/span><\/a> &nbsp; &nbsp; <a href=\"tablok\/1995C.jpg\"><span style=\"color: blue;\">1995C<\/span><\/a>&nbsp;&nbsp; &nbsp;<a href=\"tablok\/1995D.jpeg\"><span style=\"color: blue;\">1995D<\/span><\/a><br \/>\n<a href=\"tablok\/1994A.jpg\"><span style=\"color: blue;\">1994A<\/span><\/a> &nbsp; &nbsp; <a href=\"tablok\/1994B.jpg\"><span style=\"color: blue;\">1994B<\/span><\/a> &nbsp; &nbsp; <a href=\"tablok\/1994C.jpg\"><span style=\"color: blue;\">1994C<\/span><\/a> &nbsp; &nbsp; <a href=\"tablok\/1994D.jpg\"><span style=\"color: blue;\">1994D<\/span><\/a><br \/>\n<a href=\"tablok\/1993A.JPG\"><span style=\"color: blue;\">1993A<\/span><\/a> &nbsp; &nbsp; <a href=\"tablok\/1993B.jpg\"><span style=\"color: blue;\">1993B<\/span><\/a> &nbsp; &nbsp; <a href=\"tablok\/1993C.jpg\"><span style=\"color: blue;\">1993C<\/span><\/a> &nbsp; &nbsp; <a href=\"tablok\/1993D.JPG\"><span style=\"color: blue;\">1993D<\/span><\/a><br \/>\n<a href=\"tablok\/1992A.JPG\"><span style=\"color: blue;\">1992A<\/span><\/a> &nbsp; &nbsp; <a href=\"tablok\/1992B.png\"><span style=\"color: blue;\">1992B<\/span><\/a> &nbsp; &nbsp; <a href=\"tablok\/1992C.JPG\"><span style=\"color: blue;\">1992C<\/span><\/a><br \/>\n<a href=\"tablok\/1991A.jpg\"><span style=\"color: blue;\">1991A<\/span><\/a> &nbsp; &nbsp; <a href=\"tablok\/1991C.jpg\"><span style=\"color: blue;\">1991C<\/span><\/a><\/p>\n<hr>\n<p><a href=\"tablok\/1990A.JPG\"><span style=\"color: blue;\">1990A<\/span><\/a> &nbsp;&nbsp; &nbsp;<a href=\"tablok\/1990B.pdf\"><span style=\"color: blue;\">1990B<\/span><\/a> &nbsp;&nbsp; &nbsp;<a href=\"tablok\/1990C.jpg\"><span style=\"color: blue;\">1990C<\/span><\/a><br \/>\n<a href=\"tablok\/1989A.JPG\"><span style=\"color: blue;\">1989A<\/span><\/a> &nbsp; &nbsp;&nbsp;<a href=\"tablok\/1989C.jpg\"><span style=\"color: blue;\">1989C<\/span><\/a><br \/>\n<a href=\"tablok\/1988A.jpg\"><span style=\"color: blue;\">1988A<\/span><\/a> &nbsp;&nbsp; &nbsp;<a href=\"tablok\/1988B.jpg\"><span style=\"color: blue;\">1988B<\/span><\/a> &nbsp; &nbsp; <a href=\"tablok\/1988C.jpg\"><span style=\"color: blue;\">1988C<\/span><\/a><br \/>\n<a href=\"tablok\/1987A.jpg\"><span style=\"color: blue;\">1987A<\/span><\/a> &nbsp;&nbsp; &nbsp;<a href=\"tablok\/1987B.jpg\"><span style=\"color: blue;\">1987B<\/span><\/a> &nbsp; &nbsp; <a href=\"tablok\/1987C.jpg\"><span style=\"color: blue;\">1987C<\/span><\/a><br \/>\n<a href=\"tablok\/1986A.jpg\"><span style=\"color: blue;\">1986A<\/span><\/a> &nbsp; &nbsp; <a href=\"tablok\/1986C.jpg\"><span style=\"color: blue;\">1986C<\/span><\/a><\/p>\n<hr>\n<p><a href=\"tablok\/1985A.jpg\"><span style=\"color: blue;\">1985A<\/span><\/a> &nbsp; &nbsp;&nbsp; <a href=\"tablok\/1985C.jpg\"><span style=\"color: blue;\">1985C<\/span><\/a><br \/>\n<a href=\"tablok\/1984A.jpg\"><span style=\"color: blue;\">1984A<\/span><\/a> &nbsp; &nbsp; &nbsp;<a href=\"tablok\/1984C.jpg\"><span style=\"color: blue;\">1984C<\/span><\/a><br \/>\n<a href=\"tablok\/1983A.jpg\"><span style=\"color: blue;\">1983A<\/span><\/a> &nbsp; &nbsp;&nbsp; <a href=\"tablok\/1983B.jpg\"><span style=\"color: blue;\">1983B<\/span><\/a> &nbsp; &nbsp; <a href=\"tablok\/1983C.jpg\"><span style=\"color: blue;\">1983C<\/span><\/a><br \/>\n<a href=\"tablok\/1982A.jpg\"><span style=\"color: blue;\">1982A<\/span><\/a> &nbsp; &nbsp;&nbsp; <a href=\"tablok\/1982B.jpg\"><span style=\"color: blue;\">1982B<\/span><\/a> &nbsp; &nbsp; <a href=\"tablok\/1982C.jpg\"><span style=\"color: blue;\">1982C<\/span><\/a><br \/>\n<a href=\"tablok\/1981A.jpg\"><span style=\"color: blue;\">1981A<\/span><\/a> &nbsp; &nbsp;&nbsp; <a href=\"tablok\/1981B.jpg\"><span style=\"color: blue;\">1981B<\/span><\/a> &nbsp; &nbsp; <a href=\"tablok\/1981C.jpg\"><span style=\"color: blue;\">1981C<\/span><\/a><\/p>\n<hr>\n<p><a href=\"tablok\/1980A.jpg\"><span style=\"color: blue;\">1980A<\/span><\/a> &nbsp;&nbsp; <a href=\"tablok\/1980B.jpg\"><span style=\"color: blue;\">1980B<\/span><\/a> &nbsp;&nbsp; <a href=\"tablok\/1980C.jpg\"><span style=\"color: blue;\">1980C<\/span><\/a><br \/>\n<a href=\"tablok\/1979A.JPG\"><span style=\"color: blue;\">1979A<\/span><\/a> &nbsp; &nbsp; <a href=\"tablok\/1979C.jpg\"><span style=\"color: blue;\">1979C<\/span><\/a><br \/>\n<a href=\"tablok\/1978A.jpg\"><span style=\"color: blue;\">1978A<\/span><\/a> &nbsp;&nbsp; &nbsp;<a href=\"tablok\/1978B.jpg\"><span style=\"color: blue;\">1978B<\/span><\/a> &nbsp; &nbsp; <a href=\"tablok\/1978C.jpg\"><span style=\"color: blue;\">1978C<\/span><\/a><br \/>\n<a href=\"tablok\/1977A.jpg\"><span style=\"color: blue;\">1977A<\/span><\/a> &nbsp;&nbsp; &nbsp;<a href=\"tablok\/1977B.jpg\"><span style=\"color: blue;\">1977B (csoportk\u00e9p)<\/span><\/a> &nbsp; &nbsp;&nbsp; <a href=\"tablok\/1977C.jpg\"><span style=\"color: blue;\">1977C<\/span><\/a><br \/>\n<a href=\"tablok\/1976A.jpg\"><span style=\"color: blue;\">1976A<\/span><\/a> &nbsp;&nbsp; &nbsp;<a href=\"tablok\/1976B.jpg\"><span style=\"color: blue;\">1976B<\/span><\/a> &nbsp; &nbsp; <a href=\"tablok\/1976C.jpg\"><span style=\"color: blue;\">1976C<\/span><\/a><\/p>\n<hr>\n<p><a href=\"tablok\/1975A.jpg\"><span style=\"color: blue;\">1975A<\/span><\/a> &nbsp;&nbsp; &nbsp;<a href=\"tablok\/1975B.jpg\"><span style=\"color: blue;\">1975B<\/span><\/a> &nbsp; &nbsp; <a href=\"tablok\/1975C.jpg\"><span style=\"color: blue;\">1975C<\/span><\/a><br \/>\n<a href=\"tablok\/1974A.jpg\"><span style=\"color: blue;\">1974A<\/span><\/a> &nbsp;&nbsp; &nbsp;<a href=\"tablok\/1974B.jpg\"><span style=\"color: blue;\">1974B<\/span><\/a> &nbsp; &nbsp; <a href=\"tablok\/1974C.jpg\"><span style=\"color: blue;\">1974C<\/span><\/a> &nbsp; &nbsp; &nbsp;<a href=\"tablok\/1974C_csoportkep.jpg\"><span style=\"color: blue;\">1974C (csoportk\u00e9p)<\/span><\/a><br \/>\n<a href=\"tablok\/1973A.jpg\"><span style=\"color: blue;\">1973A<\/span><\/a>&nbsp; &nbsp;&nbsp; <a href=\"tablok\/1973C.jpg\"><span style=\"color: blue;\">1973C<\/span><\/a> &nbsp; &nbsp; <a href=\"tablok\/1973C_csoportkep.jpg\"><span style=\"color: blue;\">1973C (csoportk\u00e9p)<\/span><\/a><br \/>\n<a href=\"tablok\/1972A.jpg\"><span style=\"color: blue;\">1972A<\/span><\/a> &nbsp;&nbsp; &nbsp;<a href=\"tablok\/1972B.jpg\"><span style=\"color: blue;\">1972B<\/span><\/a> &nbsp; &nbsp; <a href=\"tablok\/1972C.jpg\"><span style=\"color: blue;\">1972C<\/span><\/a><br \/>\n<a href=\"tablok\/1971C.jpg\"><span style=\"color: blue;\">1971C<\/span><\/a><\/p>\n<hr>\n<p><a href=\"tablok\/1970A.jpg\"><span style=\"color: blue;\">1970A<\/span><\/a> &nbsp;&nbsp; &nbsp;<a href=\"tablok\/1970B.jpg\"><span style=\"color: blue;\">1970B<\/span><\/a> &nbsp; &nbsp; <a href=\"tablok\/1970C.jpg\"><span style=\"color: blue;\">1970C<\/span><\/a><br \/>\n<a href=\"tablok\/1969A.jpg\"><span style=\"color: blue;\">1969A<\/span><\/a> &nbsp; &nbsp; <a href=\"tablok\/1969C.jpg\"><span style=\"color: blue;\">1969C<\/span><\/a><br \/>\n<a href=\"tablok\/1968A.jpg\"><span style=\"color: blue;\">1968A<\/span><\/a> &nbsp;&nbsp; &nbsp;<a href=\"tablok\/1968B.jpg\"><span style=\"color: blue;\">1968B<\/span><\/a> &nbsp; &nbsp; <a href=\"tablok\/1968C.jpg\"><span style=\"color: blue;\">1968C<\/span><\/a><br \/>\n<a href=\"tablok\/1967A.jpg\"><span style=\"color: blue;\">1967A<\/span><\/a> &nbsp;&nbsp; &nbsp;<a href=\"tablok\/1967B.jpg\"><span style=\"color: blue;\">1967B<\/span><\/a> &nbsp; &nbsp; <a href=\"tablok\/1967C.jpg\"><span style=\"color: blue;\">1967C<\/span><\/a><br \/>\n<a href=\"tablok\/1966A.jpg\"><span style=\"color: blue;\">1966A<\/span><\/a> &nbsp; &nbsp; <a href=\"tablok\/1966B.jpg\"><span style=\"color: blue;\">1966B<\/span><\/a> &nbsp; &nbsp; <a href=\"tablok\/1966C.jpg\"><span style=\"color: blue;\">1966C<\/span><\/a><\/p>\n<hr>\n<p><a href=\"tablok\/1965A.jpg\"><span style=\"color: blue;\">1965A<\/span><\/a> &nbsp;&nbsp; &nbsp;<a href=\"tablok\/1965C.jpg\"><span style=\"color: blue;\">1965C<\/span><\/a> &nbsp; &nbsp; <a href=\"tablok\/1965D.jpg\"><span style=\"color: blue;\">1965D<\/span><\/a><br \/>\n<a href=\"tablok\/1964A.jpg\"><span style=\"color: blue;\">1964A<\/span><\/a> &nbsp;&nbsp; &nbsp;<a href=\"tablok\/1964B.jpg\"><span style=\"color: blue;\">1964B<\/span><\/a> &nbsp;&nbsp; &nbsp;<a href=\"tablok\/1964C.jpg\"><span style=\"color: blue;\">1964C<\/span><\/a> &nbsp; &nbsp; <a href=\"tablok\/1964D.jpg\"><span style=\"color: blue;\">1964D<\/span><\/a><br \/>\n<a href=\"tablok\/1963A.jpg\"><span style=\"color: blue;\">1963A<\/span><\/a><br \/>\n<a href=\"tablok\/1962B.jpg\"><span style=\"color: blue;\">1962B<\/span><\/a> &nbsp; &nbsp; <a href=\"tablok\/1962C.jpg\"><span style=\"color: blue;\">1962C<\/span><\/a><br \/>\n<a href=\"tablok\/1961A.jpg\"><span style=\"color: blue;\">1961A<\/span><\/a> &nbsp; &nbsp; <a href=\"tablok\/1961D.jpg\"><span style=\"color: blue;\">1961D<\/span><\/a><\/p>\n<hr>\n<p>&nbsp;<br \/>\n&nbsp;<br \/>\n<a href=\"tablok\/1958B.jpg\"><span style=\"color: blue;\">1958B<\/span><\/a><br \/>\n<a href=\"tablok\/1957A.jpg\"><span style=\"color: blue;\">1957A<\/span><\/a> &nbsp;&nbsp; &nbsp;<a href=\"tablok\/1957B.jpg\"><span style=\"color: blue;\">1957B<\/span><\/a> &nbsp;&nbsp; &nbsp;<a href=\"tablok\/1957C.jpg\"><span style=\"color: blue;\">1957C<\/span><\/a> &nbsp; &nbsp; <a href=\"tablok\/1957D.jpg\"><span style=\"color: blue;\">1957D<\/span><\/a><br \/>\n<a href=\"tablok\/1956A.jpg\"><span style=\"color: blue;\">1956A<\/span><\/a> &nbsp;&nbsp; &nbsp; <a href=\"tablok\/1956B.jpg\"><span style=\"color: blue;\">1956B<\/span><\/a> &nbsp; &nbsp; <a href=\"tablok\/1956C.jpg\"><span style=\"color: blue;\">1956C<\/span><\/a><\/p>\n<hr>\n<p><a href=\"tablok\/1955A.jpg\"><span style=\"color: blue;\">1955A<\/span><\/a> &nbsp;&nbsp; &nbsp;<a href=\"tablok\/1955B.jpg\"><span style=\"color: blue;\">1955B<\/span><\/a><br \/>\n<a href=\"tablok\/1954B.jpg\"><span style=\"color: blue;\">1954B<\/span><\/a><br \/>\n<a href=\"tablok\/1953B.jpg\"><span style=\"color: blue;\">1953B<\/span><\/a><br \/>\n<a href=\"tablok\/1952A.jpg\"><span style=\"color: blue;\">1952A<\/span><\/a> &nbsp;&nbsp; &nbsp;<a href=\"tablok\/1952B.jpg\"><span style=\"color: blue;\">1952B<\/span><\/a><br \/>\n<a href=\"tablok\/1951B.jpg\"><span style=\"color: blue;\">1951B<\/span><\/a><\/p>\n<hr>\n<p><a href=\"tablok\/1950.jpg\"><span style=\"color: blue;\">1950<\/span><\/a><\/p>\n","protected":false},"excerpt":{"rendered":"<p>K\u00e9rj\u00fck, ha rendelkez\u00e9s\u00e9re \u00e1ll valamelyik hi\u00e1nyz\u00f3 tabl\u00f3, vagy rossz felbont\u00e1s\u00fa jobb min\u0151s\u00e9gben, k\u00fcldje el a keglevich[kukac]fazekas.hu c\u00edmre! 2025A &nbsp; &nbsp;&nbsp; 2025B &nbsp; &nbsp;&nbsp; 2025C &nbsp;&#8230;<\/p>\n<div class=\"more-link-wrapper\"><a class=\"more-link\" href=\"https:\/\/tortenelem.fazekas.hu\/?page_id=793\">Continue reading<span class=\"screen-reader-text\">\u00c9retts\u00e9gi tabl\u00f3k<\/span><\/a><\/div>\n","protected":false},"author":1,"featured_media":0,"parent":785,"menu_order":2,"comment_status":"closed","ping_status":"closed","template":"","meta":{"ngg_post_thumbnail":0,"footnotes":""},"class_list":["post-793","page","type-page","status-publish","hentry","entry"],"_links":{"self":[{"href":"https:\/\/tortenelem.fazekas.hu\/index.php?rest_route=\/wp\/v2\/pages\/793","targetHints":{"allow":["GET"]}}],"collection":[{"href":"https:\/\/tortenelem.fazekas.hu\/index.php?rest_route=\/wp\/v2\/pages"}],"about":[{"href":"https:\/\/tortenelem.fazekas.hu\/index.php?rest_route=\/wp\/v2\/types\/page"}],"author":[{"embeddable":true,"href":"https:\/\/tortenelem.fazekas.hu\/index.php?rest_route=\/wp\/v2\/users\/1"}],"replies":[{"embeddable":true,"href":"https:\/\/tortenelem.fazekas.hu\/index.php?rest_route=%2Fwp%2Fv2%2Fcomments&post=793"}],"version-history":[{"count":58,"href":"https:\/\/tortenelem.fazekas.hu\/index.php?rest_route=\/wp\/v2\/pages\/793\/revisions"}],"predecessor-version":[{"id":1423,"href":"https:\/\/tortenelem.fazekas.hu\/index.php?rest_route=\/wp\/v2\/pages\/793\/revisions\/1423"}],"up":[{"embeddable":true,"href":"https:\/\/tortenelem.fazekas.hu\/index.php?rest_route=\/wp\/v2\/pages\/785"}],"wp:attachment":[{"href":"https:\/\/tortenelem.fazekas.hu\/index.php?rest_route=%2Fwp%2Fv2%2Fmedia&parent=793"}],"curies":[{"name":"wp","href":"https:\/\/api.w.org\/{rel}","templated":true}]}}