{"id":74,"date":"2021-10-21T14:41:05","date_gmt":"2021-10-21T14:41:05","guid":{"rendered":"https:\/\/tortenelem-uj.fazekas.hu\/?page_id=74"},"modified":"2023-10-12T11:32:18","modified_gmt":"2023-10-12T09:32:18","slug":"10-14-eveseknek","status":"publish","type":"page","link":"https:\/\/tortenelem.fazekas.hu\/?page_id=74","title":{"rendered":"10\u201314 \u00e9veseknek"},"content":{"rendered":"<p align=\"center\"><b> Horv\u00e1th Mih\u00e1ly tehets\u00e9ggondoz\u00f3 t\u00f6rt\u00e9nelemverseny 5-8. \u00e9vfolyamosoknak 2023\/2024<\/b><\/p>\n<p align=\"center\"><i> I. kateg\u00f3ria (5-6. \u00e9vfolyam): Buda a t\u00f6r\u00f6k korban <\/i><\/p>\n<ul>\n<li> Mik\u00e9nt foglalta el a t\u00f6r\u00f6k 1541-ben Buda v\u00e1r\u00e1t? <\/li>\n<li> Mi t\u00f6rt\u00e9nt a budai polg\u00e1rokkal a t\u00f6r\u00f6k uralma alatt?<\/li>\n<li> Milyen eml\u00e9kek \u0151rzik a t\u00f6r\u00f6k\u00f6k t\u00f6bb mint 100 \u00e9ves ittl\u00e9t\u00e9t?<\/li>\n<\/ul>\n<p>A versenyre k\u00e9sz\u00fcl\u00e9s k\u00f6zben t\u00f6bbek k\u00f6z\u00f6tt ezekre az izgalmas k\u00e9rd\u00e9sekre is v\u00e1laszt tal\u00e1lhatsz:<\/p>\n<ul>\n<li> H\u00e1nyszor pr\u00f3b\u00e1lt\u00e1k meg a kereszt\u00e9nyek visszafoglalni Bud\u00e1t? <\/li>\n<li> H\u00e1nyadik alkalommal j\u00e1rtak sikerrel?<\/li>\n<li> Hogyan ir\u00e1ny\u00edtott\u00e1k az oszm\u00e1nok a hatalmas birodalmukat?<\/li>\n<li> Mik\u00e9nt rendezkedett be a t\u00f6r\u00f6k Magyarorsz\u00e1gon?<\/li>\n<li> Hogyan alakult \u00e1t a magyar t\u00e1rsadalom etnikai, vall\u00e1si \u00e9s kultur\u00e1lis tekintetben?<\/li>\n<li> Hogyan foglalt\u00e1k vissza a magyarok Buda v\u00e1r\u00e1t?<\/li>\n<\/ul>\n<p align=\"center\"><i> II. kateg\u00f3ria (7-8. \u00e9vfolyam): Pet\u0151fi S\u00e1ndor \u00e9s a szabads\u00e1gharc <\/i><\/p>\n<ul>\n<li> Mi t\u00f6rt\u00e9nt Pet\u0151fi S\u00e1ndorral a szabads\u00e1gharc alatt? <\/li>\n<li> Merre j\u00e1rt a szabads\u00e1gharc k\u00f6lt\u0151je ebben az egy \u00e9vben?<\/li>\n<li> Milyen verseket \u00edrt ebben az id\u0151szakban?<\/li>\n<\/ul>\n<p>A versenyre k\u00e9sz\u00fcl\u00e9s k\u00f6zben t\u00f6bbek k\u00f6z\u00f6tt ezekre az izgalmas k\u00e9rd\u00e9sekre is v\u00e1laszt tal\u00e1lhatsz:<\/p>\n<ul>\n<li>Hogyan lett az \u00f6nv\u00e9delmi h\u00e1bor\u00fab\u00f3l a magyarok szabads\u00e1gharca?<\/li>\n<li>Milyen \u00e1llamform\u00e1t k\u00e9pzelt el Magyarorsz\u00e1gnak Pet\u0151fi S\u00e1ndor?<\/li>\n<li>Mi\u00e9rt v\u00e1lt kegyvesztett\u00e9 1848 tavasz\u00e1n?<\/li>\n<li> Mikor jelentkezett katonai szolg\u00e1latra?<\/li>\n<li> Ki volt az \u0151 b\u00e1lv\u00e1nya a hadseregben?<\/li>\n<li> Mi\u00e9rt ker\u00fclt ellent\u00e9tbe M\u00e9sz\u00e1ros L\u00e1z\u00e1r had\u00fcgyminiszterrel?<\/li>\n<li> Milyen te\u00f3ri\u00e1k ker\u00fcltek napvil\u00e1gra Pet\u0151fi elt\u0171n\u00e9s\u00e9vel kapcsolatban?<\/li>\n<\/ul>\n<p align=\"center\">*<\/p>\n<p style=\"text-align: justify;\">El\u0151zetes tudnival\u00f3k<\/p>\n<p><i>A fordul\u00f3k v\u00e1rhat\u00f3 id\u0151pontjai:<\/i><\/p>\n<ul>\n<li>Nevez\u00e9s tervezett id\u0151pontja: november k\u00f6zepe<\/li>\n<li>Iskolai fordul\u00f3: november v\u00e9ge (online, a tanul\u00f3 iskol\u00e1j\u00e1ban)<\/li>\n<li>D\u00f6nt\u0151: \u00e1prilis v\u00e9ge (k\u00e9s\u0151bb megnevezett helysz\u00ednen)<\/li>\n<\/ul>\n<p><i>Szakirodalom<\/i><\/p>\n<p style=\"text-align: justify;\">A teljes szakirodalom-list\u00e1t a versenyki\u00edr\u00e1s fogja tartalmazni. Addig is a k\u00e9sz\u00fcl\u00e9shez \u2013 az \u00e1ltal\u00e1nos iskolai tank\u00f6nyvek t\u00e9m\u00e1nak megfelel\u0151 fejezetein k\u00edv\u00fcl \u2013 amolyan el\u0151zetesk\u00e9nt javasolt alapvet\u0151 szakirodalom:<\/p>\n<ul>\n<li>Budapest Kr\u00f3nik\u00e1ja &#8211; A kezdetekt\u0151l napjainkig. Szerk. Bart Istv\u00e1n. Budapest, Corvina Kiad\u00f3, 2007. 52\u2013100. [I. kateg\u00f3ria]<\/li>\n<li>Nagy k\u00e9pes millenniumi hadt\u00f6rt\u00e9net. Szerk. R\u00e1cz \u00c1rp\u00e1d. Rubicon-h\u00e1z Kiad\u00f3, 2008. 273\u2013320. [II. kateg\u00f3ria]<\/li>\n<\/ul>\n<p>&nbsp;<br \/>\nBp., 2023. okt\u00f3ber 12.<\/p>\n<p style=\"text-align: right;\">T\u00f6rt\u00e9nelem-filoz\u00f3fia munkak\u00f6z\u00f6ss\u00e9g<\/p>\n","protected":false},"excerpt":{"rendered":"<p>Horv\u00e1th Mih\u00e1ly tehets\u00e9ggondoz\u00f3 t\u00f6rt\u00e9nelemverseny 5-8. \u00e9vfolyamosoknak 2023\/2024 I. kateg\u00f3ria (5-6. \u00e9vfolyam): Buda a t\u00f6r\u00f6k korban Mik\u00e9nt foglalta el a t\u00f6r\u00f6k 1541-ben Buda v\u00e1r\u00e1t? Mi t\u00f6rt\u00e9nt&#8230;<\/p>\n<div class=\"more-link-wrapper\"><a class=\"more-link\" href=\"https:\/\/tortenelem.fazekas.hu\/?page_id=74\">Continue reading<span class=\"screen-reader-text\">10\u201314 \u00e9veseknek<\/span><\/a><\/div>\n","protected":false},"author":1,"featured_media":0,"parent":72,"menu_order":0,"comment_status":"closed","ping_status":"closed","template":"","meta":{"ngg_post_thumbnail":0,"footnotes":""},"class_list":["post-74","page","type-page","status-publish","hentry","entry"],"_links":{"self":[{"href":"https:\/\/tortenelem.fazekas.hu\/index.php?rest_route=\/wp\/v2\/pages\/74","targetHints":{"allow":["GET"]}}],"collection":[{"href":"https:\/\/tortenelem.fazekas.hu\/index.php?rest_route=\/wp\/v2\/pages"}],"about":[{"href":"https:\/\/tortenelem.fazekas.hu\/index.php?rest_route=\/wp\/v2\/types\/page"}],"author":[{"embeddable":true,"href":"https:\/\/tortenelem.fazekas.hu\/index.php?rest_route=\/wp\/v2\/users\/1"}],"replies":[{"embeddable":true,"href":"https:\/\/tortenelem.fazekas.hu\/index.php?rest_route=%2Fwp%2Fv2%2Fcomments&post=74"}],"version-history":[{"count":7,"href":"https:\/\/tortenelem.fazekas.hu\/index.php?rest_route=\/wp\/v2\/pages\/74\/revisions"}],"predecessor-version":[{"id":930,"href":"https:\/\/tortenelem.fazekas.hu\/index.php?rest_route=\/wp\/v2\/pages\/74\/revisions\/930"}],"up":[{"embeddable":true,"href":"https:\/\/tortenelem.fazekas.hu\/index.php?rest_route=\/wp\/v2\/pages\/72"}],"wp:attachment":[{"href":"https:\/\/tortenelem.fazekas.hu\/index.php?rest_route=%2Fwp%2Fv2%2Fmedia&parent=74"}],"curies":[{"name":"wp","href":"https:\/\/api.w.org\/{rel}","templated":true}]}}

10–14 éveseknek

<p align="center"><b> Horváth Mihály tehetséggondozó történelemverseny 5-8. évfolyamosoknak 2023/2024</b></p>
<p align="center"><i> I. kategória (5-6. évfolyam): Buda a török korban </i></p>
<ul>
<li> Miként foglalta el a török 1541-ben Buda várát? </li>
<li> Mi történt a budai polgárokkal a török uralma alatt?</li>
<li> Milyen emlékek őrzik a törökök több mint 100 éves ittlétét?</li>
</ul>
<p>A versenyre készülés közben többek között ezekre az izgalmas kérdésekre is választ találhatsz:</p>
<ul>
<li> Hányszor próbálták meg a keresztények visszafoglalni Budát? </li>
<li> Hányadik alkalommal jártak sikerrel?</li>
<li> Hogyan irányították az oszmánok a hatalmas birodalmukat?</li>
<li> Miként rendezkedett be a török Magyarországon?</li>
<li> Hogyan alakult át a magyar társadalom etnikai, vallási és kulturális tekintetben?</li>
<li> Hogyan foglalták vissza a magyarok Buda várát?</li>
</ul>
<p align="center"><i> II. kategória (7-8. évfolyam): Petőfi Sándor és a szabadságharc </i></p>
<ul>
<li> Mi történt Petőfi Sándorral a szabadságharc alatt? </li>
<li> Merre járt a szabadságharc költője ebben az egy évben?</li>
<li> Milyen verseket írt ebben az időszakban?</li>
</ul>
<p>A versenyre készülés közben többek között ezekre az izgalmas kérdésekre is választ találhatsz:</p>
<ul>
<li>Hogyan lett az önvédelmi háborúból a magyarok szabadságharca?</li>
<li>Milyen államformát képzelt el Magyarországnak Petőfi Sándor?</li>
<li>Miért vált kegyvesztetté 1848 tavaszán?</li>
<li> Mikor jelentkezett katonai szolgálatra?</li>
<li> Ki volt az ő bálványa a hadseregben?</li>
<li> Miért került ellentétbe Mészáros Lázár hadügyminiszterrel?</li>
<li> Milyen teóriák kerültek napvilágra Petőfi eltűnésével kapcsolatban?</li>
</ul>
<p align="center">*</p>
<p style="text-align: justify;">Előzetes tudnivalók</p>
<p><i>A fordulók várható időpontjai:</i></p>
<ul>
<li>Nevezés tervezett időpontja: november közepe</li>
<li>Iskolai forduló: november vége (online, a tanuló iskolájában)</li>
<li>Döntő: április vége (később megnevezett helyszínen)</li>
</ul>
<p><i>Szakirodalom</i></p>
<p style="text-align: justify;">A teljes szakirodalom-listát a versenykiírás fogja tartalmazni. Addig is a készüléshez – az általános iskolai tankönyvek témának megfelelő fejezetein kívül – amolyan előzetesként javasolt alapvető szakirodalom:</p>
<ul>
<li>Budapest Krónikája &#8211; A kezdetektől napjainkig. Szerk. Bart István. Budapest, Corvina Kiadó, 2007. 52–100. [I. kategória]</li>
<li>Nagy képes millenniumi hadtörténet. Szerk. Rácz Árpád. Rubicon-ház Kiadó, 2008. 273–320. [II. kategória]</li>
</ul>
<p>&nbsp;<br />
Bp., 2023. október 12.</p>
<p style="text-align: right;">Történelem-filozófia munkaközösség</p>

<p>Horváth Mihály tehetséggondozó történelemverseny 5-8. évfolyamosoknak 2023/2024 I. kategória (5-6. évfolyam): Buda a török korban Miként foglalta el a török 1541-ben Buda várát? Mi történt&#8230;</p>
<div class="more-link-wrapper"><a class="more-link" href="https://tortenelem.fazekas.hu/?page_id=74">Continue reading<span class="screen-reader-text">10–14 éveseknek</span></a></div>
