{"id":72,"date":"2021-10-21T14:40:41","date_gmt":"2021-10-21T14:40:41","guid":{"rendered":"https:\/\/tortenelem-uj.fazekas.hu\/?page_id=72"},"modified":"2021-11-26T19:31:37","modified_gmt":"2021-11-26T17:31:37","slug":"horvath-mihaly-tortenelemverseny","status":"publish","type":"page","link":"https:\/\/tortenelem.fazekas.hu\/?page_id=72","title":{"rendered":"Horv\u00e1th Mih\u00e1ly T\u00f6rt\u00e9nelemverseny"},"content":{"rendered":"<p align=\"center\"><a href=\"http:\/\/tortenelem.fazekas.hu\/?page_id=74\"><font color=\"blue\">10\u201314 \u00e9veseknek<\/font><\/a><\/p>\n<p align=\"center\"><a href=\"http:\/\/tortenelem.fazekas.hu\/?page_id=76\"><font color=\"blue\">K\u00f6z\u00e9piskol\u00e1soknak<\/font><\/a><\/p>\n","protected":false},"excerpt":{"rendered":"<p>10\u201314 \u00e9veseknek K\u00f6z\u00e9piskol\u00e1soknak<\/p>\n","protected":false},"author":1,"featured_media":0,"parent":0,"menu_order":3,"comment_status":"closed","ping_status":"closed","template":"","meta":{"ngg_post_thumbnail":0,"footnotes":""},"class_list":["post-72","page","type-page","status-publish","hentry","entry"],"_links":{"self":[{"href":"https:\/\/tortenelem.fazekas.hu\/index.php?rest_route=\/wp\/v2\/pages\/72","targetHints":{"allow":["GET"]}}],"collection":[{"href":"https:\/\/tortenelem.fazekas.hu\/index.php?rest_route=\/wp\/v2\/pages"}],"about":[{"href":"https:\/\/tortenelem.fazekas.hu\/index.php?rest_route=\/wp\/v2\/types\/page"}],"author":[{"embeddable":true,"href":"https:\/\/tortenelem.fazekas.hu\/index.php?rest_route=\/wp\/v2\/users\/1"}],"replies":[{"embeddable":true,"href":"https:\/\/tortenelem.fazekas.hu\/index.php?rest_route=%2Fwp%2Fv2%2Fcomments&post=72"}],"version-history":[{"count":2,"href":"https:\/\/tortenelem.fazekas.hu\/index.php?rest_route=\/wp\/v2\/pages\/72\/revisions"}],"predecessor-version":[{"id":609,"href":"https:\/\/tortenelem.fazekas.hu\/index.php?rest_route=\/wp\/v2\/pages\/72\/revisions\/609"}],"wp:attachment":[{"href":"https:\/\/tortenelem.fazekas.hu\/index.php?rest_route=%2Fwp%2Fv2%2Fmedia&parent=72"}],"curies":[{"name":"wp","href":"https:\/\/api.w.org\/{rel}","templated":true}]}}