{"id":106,"date":"2021-10-21T14:51:01","date_gmt":"2021-10-21T14:51:01","guid":{"rendered":"https:\/\/tortenelem-uj.fazekas.hu\/?page_id=106"},"modified":"2021-11-26T19:33:17","modified_gmt":"2021-11-26T17:33:17","slug":"filozofia","status":"publish","type":"page","link":"https:\/\/tortenelem.fazekas.hu\/?page_id=106","title":{"rendered":"Filoz\u00f3fia"},"content":{"rendered":"<p align=\"center\"><a href=\"http:\/\/tortenelem.fazekas.hu\/?page_id=66\"><font color=\"blue\">Filoz\u00f3fia \u00e9retts\u00e9gi<\/font><\/a><\/p>\n<p align=\"center\"><a href=\"http:\/\/tortenelem.fazekas.hu\/?page_id=102\"><font color=\"blue\">Filoz\u00f3fia versenyeredm\u00e9nyek<\/font><\/a><\/p>\n","protected":false},"excerpt":{"rendered":"<p>Filoz\u00f3fia \u00e9retts\u00e9gi Filoz\u00f3fia versenyeredm\u00e9nyek<\/p>\n","protected":false},"author":1,"featured_media":0,"parent":0,"menu_order":7,"comment_status":"closed","ping_status":"closed","template":"","meta":{"ngg_post_thumbnail":0,"footnotes":""},"class_list":["post-106","page","type-page","status-publish","hentry","entry"],"_links":{"self":[{"href":"https:\/\/tortenelem.fazekas.hu\/index.php?rest_route=\/wp\/v2\/pages\/106","targetHints":{"allow":["GET"]}}],"collection":[{"href":"https:\/\/tortenelem.fazekas.hu\/index.php?rest_route=\/wp\/v2\/pages"}],"about":[{"href":"https:\/\/tortenelem.fazekas.hu\/index.php?rest_route=\/wp\/v2\/types\/page"}],"author":[{"embeddable":true,"href":"https:\/\/tortenelem.fazekas.hu\/index.php?rest_route=\/wp\/v2\/users\/1"}],"replies":[{"embeddable":true,"href":"https:\/\/tortenelem.fazekas.hu\/index.php?rest_route=%2Fwp%2Fv2%2Fcomments&post=106"}],"version-history":[{"count":2,"href":"https:\/\/tortenelem.fazekas.hu\/index.php?rest_route=\/wp\/v2\/pages\/106\/revisions"}],"predecessor-version":[{"id":610,"href":"https:\/\/tortenelem.fazekas.hu\/index.php?rest_route=\/wp\/v2\/pages\/106\/revisions\/610"}],"wp:attachment":[{"href":"https:\/\/tortenelem.fazekas.hu\/index.php?rest_route=%2Fwp%2Fv2%2Fmedia&parent=106"}],"curies":[{"name":"wp","href":"https:\/\/api.w.org\/{rel}","templated":true}]}}